factors of (w + -4)*1 - -7.
5
List the prime factors of (-55138)/(-152) + (5/4 - 1).
3, 11
Let b(s) = 65*s + 1. Let r = 60 - 58. List the prime factors of b(r).
131
Let i = 28 + -14. Suppose -g + i = -37. List the prime factors of g.
3, 17
Suppose -g - 97 = g - 3*k, 5*k + 73 = -2*g. Let z = 108 + g. Let v = z - 39. List the prime factors of v.
5
Let i = 24 + -19. Suppose i*o + 205 = 10*o. What are the prime factors of o?
41
List the prime factors of (-18246)/(-9)*69/46.
3041
Let q = 43 + -42. What are the prime factors of (q + 0)/((-9)/(-585))?
5, 13
Let m(r) = -285*r**3 - 1. Let p(v) = -v**3 + v**2 - v. Let x(g) = -m(g) + 2*p(g). List the prime factors of x(1).
2, 71
Let v be 1/1*(-84)/12. Let n be 16/v + 10/35. List the prime factors of (-10 - -11)/(n/(-46)).
23
Let h = 386 - 224. List the prime factors of h.
2, 3
What are the prime factors of (2211/12)/((-4)/(-16))?
11, 67
List the prime factors of 99 + -1 - (-12 - -7).
103
Let p be -2*(3 + 10/(-4)). Let w(o) = o + 15*o**2 - 30 + 63 - 33. List the prime factors of w(p).
2, 7
Let z(h) = h - 14. Let n be z(7). Let j(d) = -d**3 - 5*d**2 + 4*d + 5. Let a be j(n). Suppose -a = -4*v + 177. What are the prime factors of v?
3, 7
Let b = 3594 - 1807. What are the prime factors of b?
1787
Let o be 3/7 + 8211/49. Suppose -o = -0*b - 4*b. List the prime factors of b.
2, 3, 7
Let d(o) = -o**3 + 9*o**2 + 6. Let v be d(9). Let m be 2/4 + 53/2. What are the prime factors of v/m + 561/27?
3, 7
Let z = 21 - 21. Suppose -9*k + 3*k + 150 = z. List the prime factors of k.
5
What are the prime factors of 7 - (2756/(-6) + (-88)/(-66))?
3, 5, 31
Let w = -69 - -33. List the prime factors of (w/14)/((-5)/140).
2, 3
Let t(r) be the first derivative of 15*r**2/2 - 6*r + 3. List the prime factors of t(3).
3, 13
Let w = 1986 - 837. List the prime factors of w.
3, 383
Let h(o) be the second derivative of o**3/6 - 5*o**2 - 2*o. Let a be h(12). List the prime factors of a/((-8)/(-12))*11.
3, 11
Suppose 8 = 2*r + c, 0 = 2*c + c. Suppose r*h + 40 = 236. What are the prime factors of h?
7
Let t(n) = 2*n. Let b(k) = -k - 1. Suppose 2*u = -3*p - 3*u - 6, 0 = -5*p - 4*u + 3. Let x(r) = p*b(r) + 3*t(r). What are the prime factors of x(3)?
2, 3
Let n = -30 - -38. List the prime factors of (-108)/n*(-1 - 1).
3
Let h = -9 - -13. Let n be (h + -3)/1 - -1. Suppose 6*v = n*v + b + 73, -2*v + 24 = 2*b. What are the prime factors of v?
17
Let m be 91/3 - 1/3. Suppose 5*y - 5*u - 80 = 0, 0*y - 3*y = 5*u - 48. Suppose -s + y = -m. List the prime factors of s.
2, 23
Suppose -2*p + 1542 = -4*s + s, 3*p - 2330 = -4*s. List the prime factors of p.
2, 3, 43
Suppose 4*s = 2*s - m + 35, -79 = -4*s + m. Let p(c) = -15*c - 56. Let d be p(-4). Suppose -s = -d*n - 3, 3*n = 4*q - 24. List the prime factors of q.
3
Let w(o) = o**3 - 16*o**2 - o. Let j be w(16). Let p = 43 + j. List the prime factors of p.
3
Suppose -4*m + 0*m = y - 44, -4*y = 4*m - 44. Suppose 3*u - m = -2. List the prime factors of u/(-1 + 6/3).
3
Let l = -3248 + 5420. What are the prime factors of l?
2, 3, 181
Suppose b = i + 4044, b - 4*i = -4*b + 20222. What are the prime factors of b?
2, 7, 17
What are the prime factors of 3/(2 - 51416/25720)?
5, 643
Suppose 5*l - 12 = 8. Let v be -5 + 1/(l/8). What are the prime factors of 16 - -1 - (1 + v)?
19
Suppose 0 = 31*n + 14442 - 42931. What are the prime factors of n?
919
Let z(f) = 2*f + 8. Let w be z(-5). What are the prime factors of 16/8*((-170)/w + 1)?
2, 43
Let q = -25 - -15. Let b = 30 + q. Let m = b + 20. What are the prime factors of m?
2, 5
What are the prime factors of (-2)/(-23) + (-1988009)/(-2599)?
3, 5, 17
What are the prime factors of (-13 + 18)/((-3)/(-21))?
5, 7
Let r = 1328 + 1282. What are the prime factors of r?
2, 3, 5, 29
Suppose 4*v = 8*v. Suppose -9*w + 8*w + 17 = v. Suppose 2*q - w = 3. List the prime factors of q.
2, 5
Let f(q) = q**3 - 6*q**2 - 23*q + 10. List the prime factors of f(13).
2, 3, 149
Suppose 3*l + 5 = 2*l. Let x = l - -18. What are the prime factors of x?
13
Let g(p) = p**2 + 1. Let c(o) = 38*o**2 - 3*o + 1. Let d(h) = c(h) - 3*g(h). Let u be d(-2). What are the prime factors of u/15 + (-4)/(-10)?
2, 5
Let m = 1684 - 2510. What are the prime factors of 16/40 + m/(-10)?
83
Suppose 2*r - 147 = h + 7, -3*h - 386 = -5*r. Suppose d - 2*d + r = 0. List the prime factors of d.
2, 19
Let g be 1*(-14)/2 - (-2)/2. List the prime factors of ((g - -3) + -2)*6/(-10).
3
Suppose 5*u + 404 = 1214. List the prime factors of u.
2, 3
Let r = 3906 - 278. List the prime factors of r.
2, 907
Suppose -4*z + 4*s + 7908 = -z, 0 = 4*z - 3*s - 10544. What are the prime factors of z?
2, 659
Let k(s) = -2*s**2 + 33*s + 8. Let j be k(14). Let g = j + 88. List the prime factors of g.
2, 83
Let c = 405 + -272. List the prime factors of c.
7, 19
Let s = -29 + 21. Let u(d) = -2*d - 15. Let a be u(s). Suppose 3*v - 37 + a = 0. List the prime factors of v.
2, 3
Let y(w) = 15*w + w**2 - 2 + 1 + 4 + 0. Let c be y(-15). What are the prime factors of 0 - -2 - (-19 - c)?
2, 3
Let m(j) = -11*j**2 - 5*j + 2. Let f(h) = 10*h**2 + 5*h - 1. Let x(p) = 3*f(p) + 2*m(p). What are the prime factors of x(4)?
149
Suppose 33*n - 37800 = -3315. What are the prime factors of n?
5, 11, 19
Let k(n) = 3*n - 13. Let l(w) = 7*w - 27. Let c(t) = -5*k(t) + 2*l(t). Suppose -5*r + 12 = 3*y, -3*r + 0*y + 4*y = 16. What are the prime factors of c(r)?
11
Let c be 192/30 + (-4)/10. Suppose 0 = q + 1 - c. List the prime factors of q.
5
Let a(r) = 10*r**2 - 1. Let w be a(-1). Suppose w*m - 3*m - 282 = 0. What are the prime factors of m?
47
Let c = 0 + -9. Let x = c + 53. List the prime factors of x.
2, 11
Let a(w) = -38*w - 6*w**2 + 10 + 10*w**2 + 46*w. What are the prime factors of a(-6)?
2, 53
Let r(n) be the third derivative of n**6/120 - n**5/15 + n**4/12 - 4*n**3/3 - 3*n**2. Let a be r(6). Suppose 3*h = h + a. What are the prime factors of h?
2, 19
Let a = 10 - 4. Suppose -f + 19 = 2*c, 4*c - a*f + f - 31 = 0. Suppose 2*l = d - 2*d + c, 0 = -2*d - 2. What are the prime factors of l?
5
Let r = -54 + 33. Let o = -17 - r. Suppose -31 = 5*p - 5*z - 336, p + o*z - 46 = 0. List the prime factors of p.
2, 29
Let s(j) = j**3 - 13*j**2 - 13*j + 4. Let o(i) = -i + 9. Let r be o(-5). What are the prime factors of s(r)?
2, 3
Suppose 5*a - 5546 = 9554. What are the prime factors of a?
2, 5, 151
Suppose -2*i + 4*w - 8*w + 1642 = 0, 0 = -2*i - w + 1642. List the prime factors of i.
821
What are the prime factors of (-2)/(-4)*(-30)/15 + 280?
3, 31
Let y(i) = 2*i**2 + 5*i + 13. Let a = 42 + -50. List the prime factors of y(a).
101
Suppose 2 = k, -8*k - 74 = -y - 7*k. Let j(c) = 7*c - 2. Let u be j(-5). Let l = u + y. List the prime factors of l.
3, 13
Let a(o) = 10*o**2 + 6*o + 2. Let k be (20/5)/((-6)/9). Let f be a(k). Suppose 0 = 6*v + 92 - f. What are the prime factors of v?
3, 13
List the prime factors of 2*(-5 + 4835/10).
3, 11, 29
Let v(i) = i**3 + 32*i**2 + 53*i + 30. List the prime factors of v(-30).
2, 3, 5
Let o(u) = 85 - u**3 - 87 - 5*u**2 + 7*u + 3*u**2. List the prime factors of o(-5).
2, 19
Let m(g) = -5*g - 3. Let s be m(-2). Suppose -6*x = -s*x. Suppose t - 13 = -x*t. What are the prime factors of t?
13
Suppose 4*q - 936 = -5*p, 5*q + 6*p - 1183 = 3*p. What are the prime factors of q?
239
Suppose 2*d - 143 = d. Suppose -3*j + d = -160. List the prime factors of j.
101
Let f be 1 + 1 + -4 - (-39 - -8). Suppose f*a - 378 = 26*a. What are the prime factors of a?
2, 3, 7
Suppose -2*w = 13 - 1. Let n be -1 - (-3)/(-6)*w. Suppose n*z + z = -2*j + 68, -4*j = -4. List the prime factors of z.
2, 11
Let u = 294 - 110. What are the prime factors of u?
2, 23
Let t(o) = -o**2 + 18*o. Let z be t(8). Suppose 2*k + 3*k = z. What are the prime factors of (-4 + 2)/((-2)/k)?
2
Let b(j) = -696*j + 1144. What are the prime factors of b(-5)?
2, 17
Let z be 0*(2 + (-5)/2). Let p(r) = r + 1. Let c be p(z). List the prime factors of c/(-4) + 226/8.
2, 7
Suppose -3*m + 483 = 2*z - 737, 4*m = 5*z + 1642. List the prime factors of m.
2, 3, 17
Let j(t) = t**2 + 2*t + 1. Suppose -5*b = 3*d - 1, -b = -4*d - 4 - 10. Let g be j(d). Suppose g*s - 7 = 5. What are the prime factors of s?
3
Suppose 2042 = 2*o + 3*g + 79, 0 = -3*o + 3*g + 2982. List the prime factors of o.
23, 43
Suppose 0 = 